{"id":327,"date":"2022-01-09T13:40:04","date_gmt":"2022-01-09T13:40:04","guid":{"rendered":"http:\/\/bombomboleo.lv\/?page_id=327"},"modified":"2022-01-10T19:49:10","modified_gmt":"2022-01-10T19:49:10","slug":"amerikas-burma","status":"publish","type":"page","link":"http:\/\/bombomboleo.lv\/index.php\/amerikas-burma\/","title":{"rendered":"Amerikas burma"},"content":{"rendered":"\t\t<div data-elementor-type=\"wp-page\" data-elementor-id=\"327\" class=\"elementor elementor-327\">\n\t\t\t\t\t\t\t\t\t<section class=\"elementor-section elementor-top-section elementor-element elementor-element-412b769 elementor-section-boxed elementor-section-height-default elementor-section-height-default\" data-id=\"412b769\" data-element_type=\"section\" data-settings=\"{&quot;_ha_eqh_enable&quot;:false}\">\n\t\t\t\t\t\t<div class=\"elementor-container elementor-column-gap-default\">\n\t\t\t\t\t<div class=\"elementor-column elementor-col-100 elementor-top-column elementor-element elementor-element-8a84566\" data-id=\"8a84566\" data-element_type=\"column\">\n\t\t\t<div class=\"elementor-widget-wrap elementor-element-populated\">\n\t\t\t\t\t\t\t\t<div class=\"elementor-element elementor-element-72a4d18 elementor-widget elementor-widget-heading\" data-id=\"72a4d18\" data-element_type=\"widget\" data-widget_type=\"heading.default\">\n\t\t\t\t<div class=\"elementor-widget-container\">\n\t\t\t<style>\/*! elementor - v3.13.2 - 11-05-2023 *\/\n.elementor-heading-title{padding:0;margin:0;line-height:1}.elementor-widget-heading .elementor-heading-title[class*=elementor-size-]>a{color:inherit;font-size:inherit;line-height:inherit}.elementor-widget-heading .elementor-heading-title.elementor-size-small{font-size:15px}.elementor-widget-heading .elementor-heading-title.elementor-size-medium{font-size:19px}.elementor-widget-heading .elementor-heading-title.elementor-size-large{font-size:29px}.elementor-widget-heading .elementor-heading-title.elementor-size-xl{font-size:39px}.elementor-widget-heading .elementor-heading-title.elementor-size-xxl{font-size:59px}<\/style><h2 class=\"elementor-heading-title elementor-size-default\">Amerikas burma<\/h2>\t\t<\/div>\n\t\t\t\t<\/div>\n\t\t\t\t\t<\/div>\n\t\t<\/div>\n\t\t\t\t\t\t\t<\/div>\n\t\t<\/section>\n\t\t\t\t<section class=\"elementor-section elementor-top-section elementor-element elementor-element-cf1bc2e elementor-section-boxed elementor-section-height-default elementor-section-height-default\" data-id=\"cf1bc2e\" data-element_type=\"section\" data-settings=\"{&quot;_ha_eqh_enable&quot;:false}\">\n\t\t\t\t\t\t<div class=\"elementor-container elementor-column-gap-default\">\n\t\t\t\t\t<div class=\"elementor-column elementor-col-66 elementor-top-column elementor-element elementor-element-6e21d76\" data-id=\"6e21d76\" data-element_type=\"column\">\n\t\t\t<div class=\"elementor-widget-wrap elementor-element-populated\">\n\t\t\t\t\t\t\t\t<div class=\"elementor-element elementor-element-5da7995 elementor-widget elementor-widget-text-editor\" data-id=\"5da7995\" data-element_type=\"widget\" data-widget_type=\"text-editor.default\">\n\t\t\t\t<div class=\"elementor-widget-container\">\n\t\t\t<style>\/*! elementor - v3.13.2 - 11-05-2023 *\/\n.elementor-widget-text-editor.elementor-drop-cap-view-stacked .elementor-drop-cap{background-color:#69727d;color:#fff}.elementor-widget-text-editor.elementor-drop-cap-view-framed .elementor-drop-cap{color:#69727d;border:3px solid;background-color:transparent}.elementor-widget-text-editor:not(.elementor-drop-cap-view-default) .elementor-drop-cap{margin-top:8px}.elementor-widget-text-editor:not(.elementor-drop-cap-view-default) .elementor-drop-cap-letter{width:1em;height:1em}.elementor-widget-text-editor .elementor-drop-cap{float:left;text-align:center;line-height:1;font-size:50px}.elementor-widget-text-editor .elementor-drop-cap-letter{display:inline-block}<\/style>\t\t\t\t<p style=\"font-size: 16px; font-style: normal; font-weight: 400; text-align: justify;\">Amerikas Burma-Amerikas Burmas \u0161\u0137irnes ka\u0137i par\u0101d\u012bj\u0101s pag\u0101ju\u0161aj\u0101 gadsimt\u0101 Amerikas Savienotaj\u0101s Valst\u012bs, selekcion\u0101ri Taizemes vara ka\u0137i krustoja ar Si\u0101mas ka\u0137i. Ar atlases pal\u012bdz\u012bbu ir izr\u0101d\u012bju\u0161ies p\u0101rsteidzo\u0161i skaisti \u012bsspalvaini dz\u012bvnieki.<\/p><p style=\"font-size: 16px; font-style: normal; font-weight: 400; text-align: justify;\">J\u0101atz\u012bm\u0113, ka Burmas \u0161\u0137irnei ir vair\u0101kas pasugas, no kur\u0101m slaven\u0101k\u0101s ir Amerikas un Eiropas. Amerikas un Eiropas burm\u0101m past\u0101v 6 at\u0161\u0137ir\u012bbas-acu forma ,ausu forma ,galvas forma ,ekstremit\u0101tes ,teolo\u0123ija ,kr\u0101su skaits.Burmas \u0161\u0137irnes priek\u0161te\u010di dz\u012bvoja Birm\u0101 un Taizem\u0113. Burmas ka\u0137i tika tur\u0113ti temp\u013cos un tika uzskat\u012bti par miru\u0161o m\u016bku reinkarn\u0113taj\u0101m dv\u0113sel\u0113m. Burmas ka\u0137i Eirop\u0101 ierad\u0101s tikai 20. gadsimta s\u0101kum\u0101. Laosungas klostera kalpi diviem eiropie\u0161iem uzd\u0101vin\u0101ja vair\u0101kus ka\u0137us, t\u0101p\u0113c dz\u012bvnieki nok\u013cuva Francij\u0101. Tiek uzskat\u012bts, ka visi Burmas ka\u0137i ir vara ka\u0137a skaistu\u013cu p\u0113cte\u010di, kurus ziedoju\u0161i m\u016bki.<\/p>\t\t\t\t\t\t<\/div>\n\t\t\t\t<\/div>\n\t\t\t\t\t<\/div>\n\t\t<\/div>\n\t\t\t\t<div class=\"elementor-column elementor-col-33 elementor-top-column elementor-element elementor-element-baf2a37\" data-id=\"baf2a37\" data-element_type=\"column\">\n\t\t\t<div class=\"elementor-widget-wrap elementor-element-populated\">\n\t\t\t\t\t\t\t\t<div class=\"elementor-element elementor-element-19dc003 elementor-widget elementor-widget-image\" data-id=\"19dc003\" data-element_type=\"widget\" data-widget_type=\"image.default\">\n\t\t\t\t<div class=\"elementor-widget-container\">\n\t\t\t<style>\/*! elementor - v3.13.2 - 11-05-2023 *\/\n.elementor-widget-image{text-align:center}.elementor-widget-image a{display:inline-block}.elementor-widget-image a img[src$=\".svg\"]{width:48px}.elementor-widget-image img{vertical-align:middle;display:inline-block}<\/style>\t\t\t\t\t\t\t\t\t\t\t\t<img decoding=\"async\" width=\"1024\" height=\"711\" src=\"http:\/\/bombomboleo.lv\/wp-content\/uploads\/2022\/01\/bombo15.png\" class=\"attachment-large size-large wp-image-405\" alt=\"\" loading=\"lazy\" srcset=\"http:\/\/bombomboleo.lv\/wp-content\/uploads\/2022\/01\/bombo15.png 1024w, http:\/\/bombomboleo.lv\/wp-content\/uploads\/2022\/01\/bombo15-300x208.png 300w, http:\/\/bombomboleo.lv\/wp-content\/uploads\/2022\/01\/bombo15-768x533.png 768w\" sizes=\"(max-width: 1024px) 100vw, 1024px\" \/>\t\t\t\t\t\t\t\t\t\t\t\t\t\t\t<\/div>\n\t\t\t\t<\/div>\n\t\t\t\t\t<\/div>\n\t\t<\/div>\n\t\t\t\t\t\t\t<\/div>\n\t\t<\/section>\n\t\t\t\t<section class=\"elementor-section elementor-top-section elementor-element elementor-element-926ac2d elementor-section-boxed elementor-section-height-default elementor-section-height-default\" data-id=\"926ac2d\" data-element_type=\"section\" data-settings=\"{&quot;_ha_eqh_enable&quot;:false}\">\n\t\t\t\t\t\t<div class=\"elementor-container elementor-column-gap-default\">\n\t\t\t\t\t<div class=\"elementor-column elementor-col-33 elementor-top-column elementor-element elementor-element-beb46ad\" data-id=\"beb46ad\" data-element_type=\"column\">\n\t\t\t<div class=\"elementor-widget-wrap elementor-element-populated\">\n\t\t\t\t\t\t\t\t<div class=\"elementor-element elementor-element-095d5ac elementor-widget elementor-widget-image\" data-id=\"095d5ac\" data-element_type=\"widget\" data-widget_type=\"image.default\">\n\t\t\t\t<div class=\"elementor-widget-container\">\n\t\t\t\t\t\t\t\t\t\t\t\t\t\t\t<img decoding=\"async\" width=\"1024\" height=\"682\" src=\"http:\/\/bombomboleo.lv\/wp-content\/uploads\/2022\/01\/WhatsApp-Image-2022-01-08-at-16.04.56-2-1.jpeg\" class=\"attachment-large size-large wp-image-282\" alt=\"\" loading=\"lazy\" srcset=\"http:\/\/bombomboleo.lv\/wp-content\/uploads\/2022\/01\/WhatsApp-Image-2022-01-08-at-16.04.56-2-1.jpeg 1024w, http:\/\/bombomboleo.lv\/wp-content\/uploads\/2022\/01\/WhatsApp-Image-2022-01-08-at-16.04.56-2-1-300x200.jpeg 300w, http:\/\/bombomboleo.lv\/wp-content\/uploads\/2022\/01\/WhatsApp-Image-2022-01-08-at-16.04.56-2-1-768x512.jpeg 768w\" sizes=\"(max-width: 1024px) 100vw, 1024px\" \/>\t\t\t\t\t\t\t\t\t\t\t\t\t\t\t<\/div>\n\t\t\t\t<\/div>\n\t\t\t\t\t<\/div>\n\t\t<\/div>\n\t\t\t\t<div class=\"elementor-column elementor-col-66 elementor-top-column elementor-element elementor-element-6cca8d2\" data-id=\"6cca8d2\" data-element_type=\"column\">\n\t\t\t<div class=\"elementor-widget-wrap elementor-element-populated\">\n\t\t\t\t\t\t\t\t<div class=\"elementor-element elementor-element-41c4f3d elementor-widget elementor-widget-text-editor\" data-id=\"41c4f3d\" data-element_type=\"widget\" data-widget_type=\"text-editor.default\">\n\t\t\t\t<div class=\"elementor-widget-container\">\n\t\t\t\t\t\t\t<p style=\"font-size: 16px; font-style: normal; font-weight: 400; text-align: justify;\">1930. gad\u0101 vi\u0146am d\u0101vin\u0101tais ka\u0137is, kas atvests no austrumiem, p\u0101rsteidza \u0101rstu tik \u013coti, ka vi\u0146\u0161 savienoja selekcion\u0101rus, kuri l\u012bdz 1934. gadam var\u0113ja uzr\u0101d\u012bt pirmos jaun\u0101s \u0161\u0137irnes dz\u012bvniekus, un 1936. gad\u0101 \u0161\u0137irne sa\u0146\u0113ma ofici\u0101lu statusu. Ka\u0137i popularit\u0101ti ieguva gandr\u012bz piln\u012bgi visur. 1949. gad\u0101 vair\u0101ki amerik\u0101\u0146u burmas ka\u0137i tika eksport\u0113ti uz Angliju, tie rad\u012bja Eiropas l\u012bnijas att\u012bst\u012bbu.<\/p><p style=\"font-size: 16px; font-style: normal; font-weight: 400; text-align: justify;\">M\u016bsdien\u0101s amerik\u0101\u0146u un Eiropas burmas at\u0161\u0137iras p\u0113c izskata, ta\u010du katram \u0161\u012bs \u0161\u0137irnes ka\u0137im ir neparasti skaists ka\u017eoks. Burm\u0101m ir \u012bss, neparasti m\u012bksts z\u012bdains ka\u017eoks. Tam praktiski nav pavilnas un tas cie\u0161i piegu\u013c \u0137ermenim. \u0160\u012bs \u0161\u0137irnes dz\u012bvnieku kr\u0101sa ir at\u0161\u0137ir\u012bga, ta\u010du t\u0101 vienm\u0113r ir ori\u0123in\u0101la un neparasti pievilc\u012bga. Burmas ir inteli\u0123enti ka\u0137i, vi\u0146i labi saprot cilv\u0113kus un ir viegli apm\u0101c\u0101mi. Sazi\u0146\u0101 j\u016bs j\u016btat, ka dz\u012bvnieks patie\u0161\u0101m zina, par ko ir runa. Turkl\u0101t pats ka\u0137is nav pret\u012b &#8220;sarunai&#8221; ar cilv\u0113kiem, vi\u0146iem ir zema balss atbildot, vi\u0146a ar aizv\u0113rtu muti izdara ska\u0146as.Burmas var iem\u0101c\u012bt sp\u0113l\u0113t bumbu, nest lietas, pavad\u012bt \u012bpa\u0161niekus pastaig\u0101 un daudzus citus trikus. Dedz\u012bgs pr\u0101ts un neparasta rota\u013c\u012bgums liek vi\u0146iem interes\u0113ties par m\u0101c\u012b\u0161anos. Starp citu, rota\u013c\u012bguma d\u0113\u013c ka\u0137\u0113ni un pat pieaudzis ka\u0137is var apgriezt m\u0101ju otr\u0101di, jums nevajadz\u0113tu vi\u0146us par to r\u0101t, kaut kur ir j\u0101izmanto ener\u0123iju, kas uzkr\u0101jas \u0161ajos dz\u012bvniekos.Burmas ka\u0137i neticami pie\u0137eras savam saimniekam un \u0123imenei, kur\u0101 tie dz\u012bvo. \u0160\u012bs \u012bpa\u0161\u012bbas d\u0113\u013c vi\u0146i tiek uzskat\u012bti, ka vi\u0146i ir k\u0101&#8221;sun\u012b\u0161i&#8221; ar raksturu. Vi\u0146i ir labest\u012bgi, mier\u012bgi, pie vi\u0146iem var atst\u0101t mazus b\u0113rnus, burmas labpr\u0101t par vi\u0146iem r\u016bp\u0113sies.Burmas nevajadz\u0113tu mazg\u0101t, dz\u012bvnieki ir \u013coti t\u012bri. Visu, kas nepiecie\u0161ams higi\u0113nai, vi\u0146i dar\u012bs pa\u0161i. Lab\u0101k uzman\u012bbu velt\u012bt akt\u012bv\u0101m sp\u0113l\u0113m.Burmas ka\u0137u \u0113dienam j\u0101b\u016bt l\u012bdzsvarotam, tas pal\u012bdz\u0113s saglab\u0101t musku\u013cu masu form\u0101, un ka\u017eokam b\u016bs unik\u0101ls sp\u012bdums.<\/p>\t\t\t\t\t\t<\/div>\n\t\t\t\t<\/div>\n\t\t\t\t\t<\/div>\n\t\t<\/div>\n\t\t\t\t\t\t\t<\/div>\n\t\t<\/section>\n\t\t\t\t\t\t\t<\/div>\n\t\t","protected":false},"excerpt":{"rendered":"<p>Amerikas burma Amerikas Burma-Amerikas Burmas \u0161\u0137irnes ka\u0137i par\u0101d\u012bj\u0101s pag\u0101ju\u0161aj\u0101 gadsimt\u0101 Amerikas Savienotaj\u0101s Valst\u012bs, selekcion\u0101ri Taizemes vara ka\u0137i krustoja ar Si\u0101mas ka\u0137i. Ar atlases pal\u012bdz\u012bbu ir izr\u0101d\u012bju\u0161ies p\u0101rsteidzo\u0161i skaisti \u012bsspalvaini dz\u012bvnieki. J\u0101atz\u012bm\u0113, ka Burmas \u0161\u0137irnei ir vair\u0101kas pasugas, no kur\u0101m slaven\u0101k\u0101s ir Amerikas un Eiropas. Amerikas un Eiropas burm\u0101m past\u0101v 6 at\u0161\u0137ir\u012bbas-acu forma ,ausu forma ,galvas &hellip;<\/p>\n<p class=\"read-more\"> <a class=\"\" href=\"http:\/\/bombomboleo.lv\/index.php\/amerikas-burma\/\"> <span class=\"screen-reader-text\">Amerikas burma<\/span> Read More &raquo;<\/a><\/p>\n","protected":false},"author":1,"featured_media":0,"parent":0,"menu_order":0,"comment_status":"closed","ping_status":"closed","template":"","meta":{"site-sidebar-layout":"no-sidebar","site-content-layout":"page-builder","ast-global-header-display":"","ast-banner-title-visibility":"","ast-main-header-display":"","ast-hfb-above-header-display":"","ast-hfb-below-header-display":"","ast-hfb-mobile-header-display":"","site-post-title":"disabled","ast-breadcrumbs-content":"","ast-featured-img":"disabled","footer-sml-layout":"","theme-transparent-header-meta":"","adv-header-id-meta":"","stick-header-meta":"","header-above-stick-meta":"","header-main-stick-meta":"","header-below-stick-meta":""},"aioseo_notices":[],"lang":"lv","translations":{"en":672,"lv":327,"ru":722},"pll_sync_post":[],"_links":{"self":[{"href":"http:\/\/bombomboleo.lv\/index.php\/wp-json\/wp\/v2\/pages\/327"}],"collection":[{"href":"http:\/\/bombomboleo.lv\/index.php\/wp-json\/wp\/v2\/pages"}],"about":[{"href":"http:\/\/bombomboleo.lv\/index.php\/wp-json\/wp\/v2\/types\/page"}],"author":[{"embeddable":true,"href":"http:\/\/bombomboleo.lv\/index.php\/wp-json\/wp\/v2\/users\/1"}],"replies":[{"embeddable":true,"href":"http:\/\/bombomboleo.lv\/index.php\/wp-json\/wp\/v2\/comments?post=327"}],"version-history":[{"count":16,"href":"http:\/\/bombomboleo.lv\/index.php\/wp-json\/wp\/v2\/pages\/327\/revisions"}],"predecessor-version":[{"id":596,"href":"http:\/\/bombomboleo.lv\/index.php\/wp-json\/wp\/v2\/pages\/327\/revisions\/596"}],"wp:attachment":[{"href":"http:\/\/bombomboleo.lv\/index.php\/wp-json\/wp\/v2\/media?parent=327"}],"curies":[{"name":"wp","href":"https:\/\/api.w.org\/{rel}","templated":true}]}}