{"id":57,"date":"2022-01-06T17:04:31","date_gmt":"2022-01-06T17:04:31","guid":{"rendered":"http:\/\/bombomboleo.lv\/?page_id=57"},"modified":"2022-12-13T10:51:05","modified_gmt":"2022-12-13T10:51:05","slug":"sakumlapa","status":"publish","type":"page","link":"http:\/\/bombomboleo.lv\/","title":{"rendered":"S\u0101kumlapa"},"content":{"rendered":"\t\t<div data-elementor-type=\"wp-page\" data-elementor-id=\"57\" class=\"elementor elementor-57\">\n\t\t\t\t\t\t\t\t\t<section class=\"elementor-section elementor-top-section elementor-element elementor-element-cc00613 elementor-section-full_width elementor-section-height-default elementor-section-height-default\" data-id=\"cc00613\" data-element_type=\"section\">\n\t\t\t\t\t\t<div class=\"elementor-container elementor-column-gap-default\">\n\t\t\t\t\t<div class=\"elementor-column elementor-col-100 elementor-top-column elementor-element elementor-element-8463b4d\" data-id=\"8463b4d\" data-element_type=\"column\">\n\t\t\t<div class=\"elementor-widget-wrap elementor-element-populated\">\n\t\t\t\t\t\t\t\t<div class=\"elementor-element elementor-element-5031aeb elementor-widget elementor-widget-ucaddon_simple_slider\" data-id=\"5031aeb\" data-element_type=\"widget\" data-widget_type=\"ucaddon_simple_slider.default\">\n\t\t\t\t<div class=\"elementor-widget-container\">\n\t\t\t<!-- start Simple Slider -->\n\t\t<link id='font-awesome-css' href='http:\/\/bombomboleo.lv\/wp-content\/plugins\/unlimited-elements-for-elementor\/assets_libraries\/font-awesome5\/css\/fontawesome-all.min.css' type='text\/css' rel='stylesheet' >\n\t\t<link id='font-awesome-4-shim-css' href='http:\/\/bombomboleo.lv\/wp-content\/plugins\/unlimited-elements-for-elementor\/assets_libraries\/font-awesome5\/css\/fontawesome-v4-shims.css' type='text\/css' rel='stylesheet' >\n\t\t<link id='uc_ac_assets_file_slick_css_1729-css' href='http:\/\/bombomboleo.lv\/wp-content\/uploads\/ac_assets\/simple_animated_slider\/slick.css' type='text\/css' rel='stylesheet' >\n\n\t\t\t<style type=\"text\/css\">\/* widget: Simple Slider *\/\n\n#uc_simple_slider_elementor_5031aeb\n{\n  overflow:hidden;\n  direction:ltr;\n}\n#uc_simple_slider_elementor_5031aeb .ue_slide {\n  position: relative;\n}\n#uc_simple_slider_elementor_5031aeb .slide__img {\n  width: 100%;\n  height: auto;\n  overflow: hidden;\n}\n\n#uc_simple_slider_elementor_5031aeb .slide__img img {\n  max-width: 100%;\n  height: auto;\n  opacity: 1 !important;          \n  animation-duration: 3s;\n  transition: all 1s ease;\n}\n#uc_simple_slider_elementor_5031aeb .slide__content {\n  position: absolute;\n  top: 50%;\n  left: 50%;\n  transform: translate(-50%, -50%);\n}\n#uc_simple_slider_elementor_5031aeb .slide__content--headings {\n  text-align: center;\n  color: #FFF;\n}\n#uc_simple_slider_elementor_5031aeb .slide__content--headings h2 {\n}\n#uc_simple_slider_elementor_5031aeb .slide__content--headings .animated {\n  transition: all 0.5s ease;\n}\n.ue_simple_slider_title\n{\n  font-size:26px;\n}\n\n#uc_simple_slider_elementor_5031aeb .ue_simple_slider_button a{\n\n  display:inline-block;\n  text-align:center;\n  text-decoration:none;\n}  \n\n\n#uc_simple_slider_elementor_5031aeb .slick-prev{\n    position:absolute;\n    left:30px;\n    display:flex !important;\n    align-items:center;\n    justify-content:center;\n    text-align:center;\n    z-index:101;\n    border:none;\n    outline:none;\n}\n#uc_simple_slider_elementor_5031aeb .slick-next{\n  position:absolute;\n  right:30px;\n  display:flex !important;\n  align-items:center;\n    justify-content:center;\n  text-align:center;\n  z-index:101;\n  border:none;\n  outline:none;\n}\n\n#uc_simple_slider_elementor_5031aeb .ue_slide_overlay\n{\n  position:absolute;\n  top:0;\n  bottom:0;\n  left:0;\n  right:0;\n}\n.slick-dots {\n  position: absolute;\n  list-style: none;\n  display: block;\n  text-align: center;\n  padding: 0;\n  margin: 0;\n  width: 100%;\n}\n.slick-dots li {\n  position: relative;\n  display: inline-block;\n  margin: 0 5px;\n  padding: 0;\n  cursor: pointer;\n}\n.slick-dots li button {\n  border: 0;\n  display: block;\n  outline: none;\n  line-height: 0px;\n  font-size: 0px;\n  color: transparent;\n  padding: 5px;\n  cursor: pointer;\n  transition: all 0.3s ease;\n}\n.slick-dots li button:hover,\n.slick-dots li button:focus {\n  outline: none;\n}\n.simple-dots .slick-dots li {\n\n}\n.simple-dots .slick-dots li button {\n  border-radius: 50%;\n}\n\n.stick-dots .slick-dots li button {\n  position: relative;\n  padding: 0;\n}\n\n<\/style>\n\n\t\t\t<div class=\"ue_slider stick-dots\" id=\"uc_simple_slider_elementor_5031aeb\" >\n    <div class=\"ue_slide\" style=\"background-image:url(http:\/\/bombomboleo.lv\/wp-content\/uploads\/2022\/12\/kopbilde--scaled.jpg);background-size:cover;background-position:center center;\">\n  <div class=\"ue_slide_overlay\"><\/div>  \n    <\/div>\n<div class=\"ue_slide\" style=\"background-image:url(http:\/\/bombomboleo.lv\/wp-content\/uploads\/2022\/12\/FotoAL_-34-scaled.jpg);background-size:cover;background-position:center center;\">\n  <div class=\"ue_slide_overlay\"><\/div>  \n    <\/div>\n<div class=\"ue_slide\" style=\"background-image:url(http:\/\/bombomboleo.lv\/wp-content\/uploads\/2022\/12\/FotoAL_-3-scaled.jpg);background-size:cover;background-position:center center;\">\n  <div class=\"ue_slide_overlay\"><\/div>  \n    <\/div>\n\n<\/div>\n\t\t\t<!-- end Simple Slider -->\t\t<\/div>\n\t\t\t\t<\/div>\n\t\t\t\t\t<\/div>\n\t\t<\/div>\n\t\t\t\t\t\t\t<\/div>\n\t\t<\/section>\n\t\t\t\t<section class=\"elementor-section elementor-top-section elementor-element elementor-element-2535f87 elementor-section-boxed elementor-section-height-default elementor-section-height-default\" data-id=\"2535f87\" data-element_type=\"section\" data-settings=\"{&quot;_ha_eqh_enable&quot;:false}\">\n\t\t\t\t\t\t<div class=\"elementor-container elementor-column-gap-default\">\n\t\t\t\t\t<div class=\"elementor-column elementor-col-100 elementor-top-column elementor-element elementor-element-2cae7d2\" data-id=\"2cae7d2\" data-element_type=\"column\">\n\t\t\t<div class=\"elementor-widget-wrap elementor-element-populated\">\n\t\t\t\t\t\t\t\t<div class=\"elementor-element elementor-element-c0a9bde elementor-widget elementor-widget-heading\" data-id=\"c0a9bde\" data-element_type=\"widget\" data-widget_type=\"heading.default\">\n\t\t\t\t<div class=\"elementor-widget-container\">\n\t\t\t<style>\/*! elementor - v3.13.2 - 11-05-2023 *\/\n.elementor-heading-title{padding:0;margin:0;line-height:1}.elementor-widget-heading .elementor-heading-title[class*=elementor-size-]>a{color:inherit;font-size:inherit;line-height:inherit}.elementor-widget-heading .elementor-heading-title.elementor-size-small{font-size:15px}.elementor-widget-heading .elementor-heading-title.elementor-size-medium{font-size:19px}.elementor-widget-heading .elementor-heading-title.elementor-size-large{font-size:29px}.elementor-widget-heading .elementor-heading-title.elementor-size-xl{font-size:39px}.elementor-widget-heading .elementor-heading-title.elementor-size-xxl{font-size:59px}<\/style><h2 class=\"elementor-heading-title elementor-size-default\">Par audz\u0113tavu<\/h2>\t\t<\/div>\n\t\t\t\t<\/div>\n\t\t\t\t\t<\/div>\n\t\t<\/div>\n\t\t\t\t\t\t\t<\/div>\n\t\t<\/section>\n\t\t\t\t<section class=\"elementor-section elementor-top-section elementor-element elementor-element-9fa0031 elementor-section-boxed elementor-section-height-default elementor-section-height-default\" data-id=\"9fa0031\" data-element_type=\"section\" data-settings=\"{&quot;_ha_eqh_enable&quot;:false}\">\n\t\t\t\t\t\t<div class=\"elementor-container elementor-column-gap-default\">\n\t\t\t\t\t<div class=\"elementor-column elementor-col-50 elementor-top-column elementor-element elementor-element-2296a57\" data-id=\"2296a57\" data-element_type=\"column\">\n\t\t\t<div class=\"elementor-widget-wrap elementor-element-populated\">\n\t\t\t\t\t\t\t\t<div class=\"elementor-element elementor-element-c3b5d8c elementor-widget elementor-widget-text-editor\" data-id=\"c3b5d8c\" data-element_type=\"widget\" data-widget_type=\"text-editor.default\">\n\t\t\t\t<div class=\"elementor-widget-container\">\n\t\t\t<style>\/*! elementor - v3.13.2 - 11-05-2023 *\/\n.elementor-widget-text-editor.elementor-drop-cap-view-stacked .elementor-drop-cap{background-color:#69727d;color:#fff}.elementor-widget-text-editor.elementor-drop-cap-view-framed .elementor-drop-cap{color:#69727d;border:3px solid;background-color:transparent}.elementor-widget-text-editor:not(.elementor-drop-cap-view-default) .elementor-drop-cap{margin-top:8px}.elementor-widget-text-editor:not(.elementor-drop-cap-view-default) .elementor-drop-cap-letter{width:1em;height:1em}.elementor-widget-text-editor .elementor-drop-cap{float:left;text-align:center;line-height:1;font-size:50px}.elementor-widget-text-editor .elementor-drop-cap-letter{display:inline-block}<\/style>\t\t\t\t<span style=\"color: #F7c707;\"><strong>Unreal Unique<\/strong><\/span> ir sertific\u0113ta ka\u0137u audz\u0113tava, kas darbojas kop\u0161 2021. gada un speci\u0101liz\u0113jas skaisto un ekskluz\u012bvo <span style=\"color: #F7c707;\"><strong>Bombejas<\/strong><\/span> un <span style=\"color: #F7c707;\"><strong>Amerikas burmas<\/strong><\/span> \u0161\u0137ir\u0146u audz\u0113\u0161an\u0101. Audz\u0113tava re\u0123istr\u0113ta WCF sist\u0113m\u0101, k\u0101 ar\u012b ir Mooncat kluba biedri.\t\t\t\t\t\t<\/div>\n\t\t\t\t<\/div>\n\t\t\t\t<section class=\"elementor-section elementor-inner-section elementor-element elementor-element-80b0bd5 elementor-section-boxed elementor-section-height-default elementor-section-height-default\" data-id=\"80b0bd5\" data-element_type=\"section\" data-settings=\"{&quot;_ha_eqh_enable&quot;:false}\">\n\t\t\t\t\t\t<div class=\"elementor-container elementor-column-gap-default\">\n\t\t\t\t\t<div class=\"elementor-column elementor-col-50 elementor-inner-column elementor-element elementor-element-cbae1a4\" data-id=\"cbae1a4\" data-element_type=\"column\">\n\t\t\t<div class=\"elementor-widget-wrap elementor-element-populated\">\n\t\t\t\t\t\t\t\t<div class=\"elementor-element elementor-element-9dd202b elementor-widget elementor-widget-image\" data-id=\"9dd202b\" data-element_type=\"widget\" data-widget_type=\"image.default\">\n\t\t\t\t<div class=\"elementor-widget-container\">\n\t\t\t<style>\/*! elementor - v3.13.2 - 11-05-2023 *\/\n.elementor-widget-image{text-align:center}.elementor-widget-image a{display:inline-block}.elementor-widget-image a img[src$=\".svg\"]{width:48px}.elementor-widget-image img{vertical-align:middle;display:inline-block}<\/style>\t\t\t\t\t\t\t\t\t\t\t\t\t<a href=\"https:\/\/wcf.de\/de\/\">\n\t\t\t\t\t\t\t<img decoding=\"async\" width=\"150\" height=\"150\" src=\"http:\/\/bombomboleo.lv\/wp-content\/uploads\/2022\/01\/wcf-150x150.png\" class=\"attachment-thumbnail size-thumbnail wp-image-427\" alt=\"\" loading=\"lazy\" \/>\t\t\t\t\t\t\t\t<\/a>\n\t\t\t\t\t\t\t\t\t\t\t\t\t\t\t<\/div>\n\t\t\t\t<\/div>\n\t\t\t\t\t<\/div>\n\t\t<\/div>\n\t\t\t\t<div class=\"elementor-column elementor-col-50 elementor-inner-column elementor-element elementor-element-07fb448\" data-id=\"07fb448\" data-element_type=\"column\">\n\t\t\t<div class=\"elementor-widget-wrap elementor-element-populated\">\n\t\t\t\t\t\t\t\t<div class=\"elementor-element elementor-element-5d3c587 elementor-widget elementor-widget-text-editor\" data-id=\"5d3c587\" data-element_type=\"widget\" data-widget_type=\"text-editor.default\">\n\t\t\t\t<div class=\"elementor-widget-container\">\n\t\t\t\t\t\t\t<p>\u00a0<\/p><div style=\"font-size: 32px; padding: 48px 0; font-family: Playfair Display; font-weight: 800; display: flex; flex-direction: row; justify-content: center;\"><div style=\"display: inline;\"><span style=\"color: #000000;\">Moon<\/span><\/div><div style=\"display: inline; position: relative; top: 10px;\"><span style=\"color: #000000;\">Cat<\/span><\/div><\/div><p>\u00a0<\/p>\t\t\t\t\t\t<\/div>\n\t\t\t\t<\/div>\n\t\t\t\t\t<\/div>\n\t\t<\/div>\n\t\t\t\t\t\t\t<\/div>\n\t\t<\/section>\n\t\t\t\t<div class=\"elementor-element elementor-element-49fd29e elementor-widget elementor-widget-text-editor\" data-id=\"49fd29e\" data-element_type=\"widget\" data-widget_type=\"text-editor.default\">\n\t\t\t\t<div class=\"elementor-widget-container\">\n\t\t\t\t\t\t\t<h3 style=\"text-align: center;\"><span style=\"color: #f7c707;\"><strong>&#8221;Unreal Unique&#8221;<\/strong><\/span><\/h3>\t\t\t\t\t\t<\/div>\n\t\t\t\t<\/div>\n\t\t\t\t\t<\/div>\n\t\t<\/div>\n\t\t\t\t<div class=\"elementor-column elementor-col-50 elementor-top-column elementor-element elementor-element-32cea86\" data-id=\"32cea86\" data-element_type=\"column\">\n\t\t\t<div class=\"elementor-widget-wrap elementor-element-populated\">\n\t\t\t\t\t\t\t\t<div class=\"elementor-element elementor-element-ea275ef elementor-widget elementor-widget-image\" data-id=\"ea275ef\" data-element_type=\"widget\" data-widget_type=\"image.default\">\n\t\t\t\t<div class=\"elementor-widget-container\">\n\t\t\t\t\t\t\t\t\t\t\t\t\t\t\t<img decoding=\"async\" width=\"1024\" height=\"682\" src=\"http:\/\/bombomboleo.lv\/wp-content\/uploads\/2022\/01\/IMG_37021-1-1024x682.jpg\" class=\"attachment-large size-large wp-image-534\" alt=\"\" loading=\"lazy\" srcset=\"http:\/\/bombomboleo.lv\/wp-content\/uploads\/2022\/01\/IMG_37021-1-1024x682.jpg 1024w, http:\/\/bombomboleo.lv\/wp-content\/uploads\/2022\/01\/IMG_37021-1-300x200.jpg 300w, http:\/\/bombomboleo.lv\/wp-content\/uploads\/2022\/01\/IMG_37021-1-768x512.jpg 768w, http:\/\/bombomboleo.lv\/wp-content\/uploads\/2022\/01\/IMG_37021-1.jpg 1280w\" sizes=\"(max-width: 1024px) 100vw, 1024px\" \/>\t\t\t\t\t\t\t\t\t\t\t\t\t\t\t<\/div>\n\t\t\t\t<\/div>\n\t\t\t\t\t<\/div>\n\t\t<\/div>\n\t\t\t\t\t\t\t<\/div>\n\t\t<\/section>\n\t\t\t\t<section class=\"elementor-section elementor-top-section elementor-element elementor-element-a9ca8ff elementor-section-boxed elementor-section-height-default elementor-section-height-default\" data-id=\"a9ca8ff\" data-element_type=\"section\" data-settings=\"{&quot;_ha_eqh_enable&quot;:false}\">\n\t\t\t\t\t\t<div class=\"elementor-container elementor-column-gap-default\">\n\t\t\t\t\t<div class=\"elementor-column elementor-col-100 elementor-top-column elementor-element elementor-element-60ae2c0\" data-id=\"60ae2c0\" data-element_type=\"column\">\n\t\t\t<div class=\"elementor-widget-wrap elementor-element-populated\">\n\t\t\t\t\t\t\t\t<div class=\"elementor-element elementor-element-0d70ad8 elementor-widget elementor-widget-heading\" data-id=\"0d70ad8\" data-element_type=\"widget\" data-widget_type=\"heading.default\">\n\t\t\t\t<div class=\"elementor-widget-container\">\n\t\t\t<h2 class=\"elementor-heading-title elementor-size-default\">Audz\u0113tavas ka\u0137i<\/h2>\t\t<\/div>\n\t\t\t\t<\/div>\n\t\t\t\t\t<\/div>\n\t\t<\/div>\n\t\t\t\t\t\t\t<\/div>\n\t\t<\/section>\n\t\t\t\t<section class=\"elementor-section elementor-top-section elementor-element elementor-element-e22dfbc elementor-section-boxed elementor-section-height-default elementor-section-height-default\" data-id=\"e22dfbc\" data-element_type=\"section\" data-settings=\"{&quot;_ha_eqh_enable&quot;:false}\">\n\t\t\t\t\t\t<div class=\"elementor-container elementor-column-gap-default\">\n\t\t\t\t\t<div class=\"elementor-column elementor-col-33 elementor-top-column elementor-element elementor-element-58fc443\" data-id=\"58fc443\" data-element_type=\"column\">\n\t\t\t<div class=\"elementor-widget-wrap elementor-element-populated\">\n\t\t\t\t\t\t\t\t<div class=\"elementor-element elementor-element-bc153e3 ha-card--top ha-card--tablet-top ha-card--mobile-top elementor-widget elementor-widget-ha-card happy-addon ha-card\" data-id=\"bc153e3\" data-element_type=\"widget\" data-widget_type=\"ha-card.default\">\n\t\t\t\t<div class=\"elementor-widget-container\">\n\t\t\t\n\t\t\t\t\t<figure class=\"ha-card-figure\">\n\t\t\t\t<img width=\"1024\" height=\"683\" src=\"http:\/\/bombomboleo.lv\/wp-content\/uploads\/2022\/12\/FotoAL_-1-1-1024x683.jpg\" class=\"attachment-large size-large wp-image-876\" alt=\"\" decoding=\"async\" loading=\"lazy\" srcset=\"http:\/\/bombomboleo.lv\/wp-content\/uploads\/2022\/12\/FotoAL_-1-1-1024x683.jpg 1024w, http:\/\/bombomboleo.lv\/wp-content\/uploads\/2022\/12\/FotoAL_-1-1-300x200.jpg 300w, http:\/\/bombomboleo.lv\/wp-content\/uploads\/2022\/12\/FotoAL_-1-1-768x512.jpg 768w, http:\/\/bombomboleo.lv\/wp-content\/uploads\/2022\/12\/FotoAL_-1-1-1536x1024.jpg 1536w, http:\/\/bombomboleo.lv\/wp-content\/uploads\/2022\/12\/FotoAL_-1-1-2048x1365.jpg 2048w\" sizes=\"(max-width: 1024px) 100vw, 1024px\" \/>\t\t\t\t\t\t\t\t\t<div class=\"ha-badge ha-badge--top-left\">Bombejas | BOM<\/div>\n\t\t\t\t\t\t\t<\/figure>\n\t\t\n\t\t<div class=\"ha-card-body\">\n\n\t\t\t<h2 class=\"ha-card-title\">Dolche Dafne BlackLabel's<\/h2>\n\t\t\t\t\t\t\t<div class=\"ha-card-text\">\n\t\t\t\t\t<p>Dolche Dafne ir dzimusi 2020. gada 7. August\u0101. Audz\u0113tav\u0101 ierad\u0101s no Krievijas, Novosibirskas pils\u0113tas.<br><br>Kr\u0101sa: Black<\/p>\n\t\t\t\t<\/div>\n\t\t\t\n\t\t\t\t\t<\/div>\n\t\t\t\t<\/div>\n\t\t\t\t<\/div>\n\t\t\t\t\t<\/div>\n\t\t<\/div>\n\t\t\t\t<div class=\"elementor-column elementor-col-33 elementor-top-column elementor-element elementor-element-bdb14e5\" data-id=\"bdb14e5\" data-element_type=\"column\">\n\t\t\t<div class=\"elementor-widget-wrap elementor-element-populated\">\n\t\t\t\t\t\t\t\t<div class=\"elementor-element elementor-element-afe782a ha-card--top ha-card--tablet-top ha-card--mobile-top elementor-widget elementor-widget-ha-card happy-addon ha-card\" data-id=\"afe782a\" data-element_type=\"widget\" data-widget_type=\"ha-card.default\">\n\t\t\t\t<div class=\"elementor-widget-container\">\n\t\t\t\n\t\t\t\t\t<figure class=\"ha-card-figure\">\n\t\t\t\t<img width=\"1024\" height=\"682\" src=\"http:\/\/bombomboleo.lv\/wp-content\/uploads\/2022\/12\/FotoAL_-4-1024x682.jpg\" class=\"attachment-large size-large wp-image-887\" alt=\"\" decoding=\"async\" loading=\"lazy\" srcset=\"http:\/\/bombomboleo.lv\/wp-content\/uploads\/2022\/12\/FotoAL_-4-1024x682.jpg 1024w, http:\/\/bombomboleo.lv\/wp-content\/uploads\/2022\/12\/FotoAL_-4-300x200.jpg 300w, http:\/\/bombomboleo.lv\/wp-content\/uploads\/2022\/12\/FotoAL_-4-768x512.jpg 768w, http:\/\/bombomboleo.lv\/wp-content\/uploads\/2022\/12\/FotoAL_-4-1536x1024.jpg 1536w, http:\/\/bombomboleo.lv\/wp-content\/uploads\/2022\/12\/FotoAL_-4-2048x1365.jpg 2048w\" sizes=\"(max-width: 1024px) 100vw, 1024px\" \/>\t\t\t\t\t\t\t\t\t<div class=\"ha-badge ha-badge--top-left\">Amerikas burma | AMG<\/div>\n\t\t\t\t\t\t\t<\/figure>\n\t\t\n\t\t<div class=\"ha-card-body\">\n\n\t\t\t<h2 class=\"ha-card-title\">Tendy Wildangel<\/h2>\n\t\t\t\t\t\t\t<div class=\"ha-card-text\">\n\t\t\t\t\t<p>Tendy Wildangel ir dzimusi 2020. gada 13. Oktobr\u012b. Audz\u0113tav\u0101 ierad\u0101s no Krievijas, Jekaterinburgas pils\u0113tas.<br><br>Kr\u0101sa: Sable<\/p>\n\t\t\t\t<\/div>\n\t\t\t\n\t\t\t\t\t<\/div>\n\t\t\t\t<\/div>\n\t\t\t\t<\/div>\n\t\t\t\t\t<\/div>\n\t\t<\/div>\n\t\t\t\t<div class=\"elementor-column elementor-col-33 elementor-top-column elementor-element elementor-element-7ed3349\" data-id=\"7ed3349\" data-element_type=\"column\">\n\t\t\t<div class=\"elementor-widget-wrap elementor-element-populated\">\n\t\t\t\t\t\t\t\t<div class=\"elementor-element elementor-element-a82d013 ha-card--top ha-card--tablet-top ha-card--mobile-top elementor-widget elementor-widget-ha-card happy-addon ha-card\" data-id=\"a82d013\" data-element_type=\"widget\" data-widget_type=\"ha-card.default\">\n\t\t\t\t<div class=\"elementor-widget-container\">\n\t\t\t\n\t\t\t\t\t<figure class=\"ha-card-figure\">\n\t\t\t\t<img width=\"609\" height=\"950\" src=\"http:\/\/bombomboleo.lv\/wp-content\/uploads\/2022\/01\/2022-01-09-23.47.25.jpg\" class=\"attachment-large size-large wp-image-467\" alt=\"\" decoding=\"async\" loading=\"lazy\" srcset=\"http:\/\/bombomboleo.lv\/wp-content\/uploads\/2022\/01\/2022-01-09-23.47.25.jpg 609w, http:\/\/bombomboleo.lv\/wp-content\/uploads\/2022\/01\/2022-01-09-23.47.25-192x300.jpg 192w\" sizes=\"(max-width: 609px) 100vw, 609px\" \/>\t\t\t\t\t\t\t\t\t<div class=\"ha-badge ha-badge--top-left\">Bombejas | BOM<\/div>\n\t\t\t\t\t\t\t<\/figure>\n\t\t\n\t\t<div class=\"ha-card-body\">\n\n\t\t\t<h2 class=\"ha-card-title\">Alastyr Wildangel<\/h2>\n\t\t\t\t\t\t\t<div class=\"ha-card-text\">\n\t\t\t\t\t<p>Alastyr Wildangel ir dzimis 2020. gada 23. Septembr\u012b. Audz\u0113tav\u0101 ierad\u0101s no Krievijas, Jekaterinburgas pils\u0113tas.<br><br>Kr\u0101sa: Black<\/p>\n\t\t\t\t<\/div>\n\t\t\t\n\t\t\t\t\t<\/div>\n\t\t\t\t<\/div>\n\t\t\t\t<\/div>\n\t\t\t\t\t<\/div>\n\t\t<\/div>\n\t\t\t\t\t\t\t<\/div>\n\t\t<\/section>\n\t\t\t\t<section class=\"elementor-section elementor-top-section elementor-element elementor-element-01523b2 elementor-section-boxed elementor-section-height-default elementor-section-height-default\" data-id=\"01523b2\" data-element_type=\"section\" data-settings=\"{&quot;_ha_eqh_enable&quot;:false}\">\n\t\t\t\t\t\t<div class=\"elementor-container elementor-column-gap-default\">\n\t\t\t\t\t<div class=\"elementor-column elementor-col-33 elementor-top-column elementor-element elementor-element-3ad200b\" data-id=\"3ad200b\" data-element_type=\"column\">\n\t\t\t<div class=\"elementor-widget-wrap elementor-element-populated\">\n\t\t\t\t\t\t\t\t<div class=\"elementor-element elementor-element-65e4c2b ha-card--top ha-card--tablet-top ha-card--mobile-top elementor-widget elementor-widget-ha-card happy-addon ha-card\" data-id=\"65e4c2b\" data-element_type=\"widget\" data-widget_type=\"ha-card.default\">\n\t\t\t\t<div class=\"elementor-widget-container\">\n\t\t\t\n\t\t\t\t\t<figure class=\"ha-card-figure\">\n\t\t\t\t<img width=\"681\" height=\"1024\" src=\"http:\/\/bombomboleo.lv\/wp-content\/uploads\/2022\/01\/DSC_6456-1-681x1024.jpg\" class=\"attachment-large size-large wp-image-493\" alt=\"\" decoding=\"async\" loading=\"lazy\" srcset=\"http:\/\/bombomboleo.lv\/wp-content\/uploads\/2022\/01\/DSC_6456-1-681x1024.jpg 681w, http:\/\/bombomboleo.lv\/wp-content\/uploads\/2022\/01\/DSC_6456-1-199x300.jpg 199w, http:\/\/bombomboleo.lv\/wp-content\/uploads\/2022\/01\/DSC_6456-1-768x1155.jpg 768w, http:\/\/bombomboleo.lv\/wp-content\/uploads\/2022\/01\/DSC_6456-1-1021x1536.jpg 1021w, http:\/\/bombomboleo.lv\/wp-content\/uploads\/2022\/01\/DSC_6456-1-1362x2048.jpg 1362w, http:\/\/bombomboleo.lv\/wp-content\/uploads\/2022\/01\/DSC_6456-1-scaled.jpg 1702w\" sizes=\"(max-width: 681px) 100vw, 681px\" \/>\t\t\t\t\t\t\t\t\t<div class=\"ha-badge ha-badge--top-left\">Bombejas | BOM<\/div>\n\t\t\t\t\t\t\t<\/figure>\n\t\t\n\t\t<div class=\"ha-card-body\">\n\n\t\t\t<h2 class=\"ha-card-title\">Almondo Unreal Unique<\/h2>\n\t\t\t\t\t\t\t<div class=\"ha-card-text\">\n\t\t\t\t\t<p>Almondo ir dzimis 2021. gada 9. J\u016bnij\u0101. Dzimis audz\u0113tav\u0101.<br><br>Kr\u0101sa: Black<\/p>\n\t\t\t\t<\/div>\n\t\t\t\n\t\t\t\t\t<\/div>\n\t\t\t\t<\/div>\n\t\t\t\t<\/div>\n\t\t\t\t\t<\/div>\n\t\t<\/div>\n\t\t\t\t<div class=\"elementor-column elementor-col-33 elementor-top-column elementor-element elementor-element-c730c73\" data-id=\"c730c73\" data-element_type=\"column\">\n\t\t\t<div class=\"elementor-widget-wrap\">\n\t\t\t\t\t\t\t\t\t<\/div>\n\t\t<\/div>\n\t\t\t\t<div class=\"elementor-column elementor-col-33 elementor-top-column elementor-element elementor-element-8536a66\" data-id=\"8536a66\" data-element_type=\"column\">\n\t\t\t<div class=\"elementor-widget-wrap\">\n\t\t\t\t\t\t\t\t\t<\/div>\n\t\t<\/div>\n\t\t\t\t\t\t\t<\/div>\n\t\t<\/section>\n\t\t\t\t\t\t\t<\/div>\n\t\t","protected":false},"excerpt":{"rendered":"<p>Par audz\u0113tavu Unreal Unique ir sertific\u0113ta ka\u0137u audz\u0113tava, kas darbojas kop\u0161 2021. gada un speci\u0101liz\u0113jas skaisto un ekskluz\u012bvo Bombejas un Amerikas burmas \u0161\u0137ir\u0146u audz\u0113\u0161an\u0101. Audz\u0113tava re\u0123istr\u0113ta WCF sist\u0113m\u0101, k\u0101 ar\u012b ir Mooncat kluba biedri. \u00a0 MoonCat \u00a0 &#8221;Unreal Unique&#8221; Audz\u0113tavas ka\u0137i Bombejas | BOM Dolche Dafne BlackLabel&#8217;s Dolche Dafne ir dzimusi 2020. gada 7. August\u0101. &hellip;<\/p>\n<p class=\"read-more\"> <a class=\"\" href=\"http:\/\/bombomboleo.lv\/\"> <span class=\"screen-reader-text\">S\u0101kumlapa<\/span> Read More &raquo;<\/a><\/p>\n","protected":false},"author":1,"featured_media":0,"parent":0,"menu_order":0,"comment_status":"closed","ping_status":"closed","template":"","meta":{"site-sidebar-layout":"no-sidebar","site-content-layout":"page-builder","ast-global-header-display":"","ast-banner-title-visibility":"","ast-main-header-display":"","ast-hfb-above-header-display":"","ast-hfb-below-header-display":"","ast-hfb-mobile-header-display":"","site-post-title":"disabled","ast-breadcrumbs-content":"","ast-featured-img":"disabled","footer-sml-layout":"","theme-transparent-header-meta":"","adv-header-id-meta":"","stick-header-meta":"","header-above-stick-meta":"","header-main-stick-meta":"","header-below-stick-meta":""},"aioseo_notices":[],"lang":"lv","translations":{"en":598,"lv":57,"ru":618},"pll_sync_post":[],"_links":{"self":[{"href":"http:\/\/bombomboleo.lv\/index.php\/wp-json\/wp\/v2\/pages\/57"}],"collection":[{"href":"http:\/\/bombomboleo.lv\/index.php\/wp-json\/wp\/v2\/pages"}],"about":[{"href":"http:\/\/bombomboleo.lv\/index.php\/wp-json\/wp\/v2\/types\/page"}],"author":[{"embeddable":true,"href":"http:\/\/bombomboleo.lv\/index.php\/wp-json\/wp\/v2\/users\/1"}],"replies":[{"embeddable":true,"href":"http:\/\/bombomboleo.lv\/index.php\/wp-json\/wp\/v2\/comments?post=57"}],"version-history":[{"count":247,"href":"http:\/\/bombomboleo.lv\/index.php\/wp-json\/wp\/v2\/pages\/57\/revisions"}],"predecessor-version":[{"id":895,"href":"http:\/\/bombomboleo.lv\/index.php\/wp-json\/wp\/v2\/pages\/57\/revisions\/895"}],"wp:attachment":[{"href":"http:\/\/bombomboleo.lv\/index.php\/wp-json\/wp\/v2\/media?parent=57"}],"curies":[{"name":"wp","href":"https:\/\/api.w.org\/{rel}","templated":true}]}}